030.
5
What is the highest common divisor of 612717183 and 13806?
6903
Calculate the greatest common divisor of 117355869 and 9099.
3033
Calculate the highest common factor of 1747 and 1153.
1
What is the highest common divisor of 18 and 48976650?
18
Calculate the greatest common factor of 333611 and 19072.
149
Calculate the highest common factor of 1152 and 3142224.
144
What is the greatest common factor of 1300 and 33560?
20
Calculate the highest common factor of 1924 and 24313588.
1924
What is the greatest common factor of 111 and 270757527?
111
What is the highest common factor of 6605 and 18695?
5
What is the greatest common divisor of 4104 and 1519506?
1026
What is the highest common factor of 274 and 1333010?
274
What is the highest common factor of 3264 and 40049178?
102
Calculate the greatest common divisor of 10043 and 14454616.
913
What is the highest common factor of 98790 and 3050920?
890
Calculate the greatest common divisor of 401776641 and 133.
133
Calculate the greatest common factor of 2882197 and 16762.
289
Calculate the greatest common divisor of 22768775 and 25.
25
Calculate the greatest common factor of 3047 and 1795673.
11
What is the greatest common divisor of 1154091940 and 305?
305
What is the greatest common factor of 239393 and 27104?
77
Calculate the greatest common divisor of 66099201 and 21.
21
Calculate the highest common factor of 54735616 and 4992.
1664
Calculate the greatest common factor of 1054935 and 17445.
15
What is the greatest common divisor of 17183122 and 22?
22
Calculate the greatest common factor of 4011189 and 1001.
91
What is the greatest common factor of 3267556 and 1696?
212
What is the highest common divisor of 6817073 and 73147?
379
What is the highest common divisor of 109231972 and 93?
31
Calculate the highest common divisor of 84252 and 5607.
21
Calculate the greatest common factor of 216242819 and 1976.
247
What is the greatest common divisor of 701 and 2503271?
701
What is the highest common factor of 496576 and 23200?
32
What is the greatest common factor of 153 and 359449377?
51
What is the highest common divisor of 18 and 165954105?
9
What is the greatest common divisor of 136731 and 189?
21
What is the greatest common factor of 229620612 and 78?
78
What is the highest common divisor of 588 and 60408474?
294
What is the greatest common factor of 253 and 348073?
11
What is the highest common divisor of 84462712 and 32?
8
Calculate the greatest common factor of 672 and 222297600.
672
What is the greatest common factor of 7413 and 1789809?
21
What is the highest common divisor of 107050258 and 21854?
3122
What is the greatest common divisor of 228043 and 166167?
499
Calculate the highest common divisor of 4315 and 118282780.
4315
Calculate the greatest common divisor of 5200 and 4892.
4
Calculate the greatest common factor of 23405 and 173135.
155
What is the greatest common factor of 794 and 261029088?
794
Calculate the greatest common factor of 5183 and 3846881.
73
What is the highest common factor of 19655316 and 6540?
1308
What is the greatest common divisor of 368 and 72630032?
16
Calculate the highest common divisor of 99053968 and 109225.
4369
Calculate the highest common factor of 3497 and 804687676.
3497
Calculate the highest common factor of 55029 and 9091986.
249
What is the highest common divisor of 2838673 and 1243?
113
What is the highest common factor of 551 and 87319?
29
What is the greatest common divisor of 432 and 883377?
9
What is the highest common divisor of 172 and 328652?
4
Calculate the greatest common factor of 112 and 7546546.
14
Calculate the highest common divisor of 3366146 and 9338.
406
Calculate the greatest common divisor of 205 and 79064400.
205
Calculate the greatest common divisor of 2946 and 8456002.
982
Calculate the greatest common divisor of 320703 and 13197.
159
What is the highest common factor of 20 and 81168200?
20
Calculate the highest common divisor of 36 and 5615550.
18
What is the greatest common divisor of 5616 and 12974208?
624
What is the greatest common factor of 10700 and 1244200?
100
What is the highest common factor of 111360 and 469760?
1280
Calculate the highest common divisor of 1 and 2379023.
1
What is the greatest common divisor of 160 and 1874016?
32
Calculate the greatest common divisor of 560918 and 65018.
1102
What is the highest common divisor of 2779080 and 10060?
20
What is the greatest common divisor of 37124667 and 1796?
449
What is the highest common divisor of 161330 and 97382?
146
Calculate the highest common divisor of 1392683 and 89693.
257
What is the highest common factor of 221920 and 7790?
190
Calculate the highest common factor of 939500 and 189779.
1879
What is the highest common divisor of 4460 and 183600?
20
What is the highest common factor of 16 and 6910372?
4
Calculate the greatest common divisor of 357544 and 3256.
88
What is the greatest common divisor of 994 and 139586?
142
What is the greatest common divisor of 808928 and 36448?
544
What is the highest common divisor of 47543625 and 1625?
125
What is the greatest common factor of 140 and 243982740?
20
What is the highest common factor of 16149315 and 252?
21
What is the greatest common factor of 31476 and 155660?
172
Calculate the greatest common divisor of 39491 and 819009.
1717
What is the highest common factor of 804 and 211927164?
804
What is the greatest common divisor of 888720 and 408240?
1680
What is the highest common factor of 17052 and 108228?
348
Calculate the highest common divisor of 76856637 and 50193.
5577
Calculate the highest common factor of 32675209 and 414687.
10633
Calculate the highest common factor of 49653225 and 25.
25
Calculate the highest common factor of 654354513 and 9.
9
What is the greatest common factor of 3972 and 4749519?
993
Calculate the highest common divisor of 160574895 and 630.
45
Calculate the highest common factor of 2527472 and 1808.
16
Calculate the greatest common divisor of 1158 and 208878303.
579
What is the highest common divisor of 2656037 and 3419?
263
Calculate the highest common factor of 148 and 12979933.
37
Calculate the greatest common divisor of 6820512 and 1150.
46
Calculate the highest common divisor of 304767 and 3087.
9
What is the greatest common factor of 472235 and 65?
5
What is the greatest common factor of 729387 and 675?
9
What is the highest common factor of 252912 and 3056?
16
Calculate the greatest common factor of 2636 and 26868748.
2636
Calculate the highest common divisor of 2427496 and 1177747.
5143
What is the highest common divisor of 23596 and 31586?
34
What is the highest common factor of 49775120 and 70?
10
What is the highest common divisor of 5408 and 275167152?
2704
Calculate the greatest common divisor of 50747347 and 266.
133
Calculate the greatest common divisor of 2456 and 22074528.
2456
What is the greatest common factor of 180 and 13539390?
30
What is the greatest common divisor of 256165 and 3640?
455
Calculate the greatest common divisor of 40898 and 11457017.
1859
Calculate the greatest common factor of 239043482 and 229.
229
Calculate the greatest common factor of 2140 and 13386770.
1070
What is the greatest common divisor of 49 and 7405804?
7
Calculate the greatest common divisor of 73656 and 207452.
124
What is the highest common factor of 96198474 and 5048?
1262
What is the highest common divisor of 2 and 15676159?
1
Calculate the highest common factor of 3185732 and 170.
34
Calculate the greatest common divisor of 132 and 516975591.
33
What is the highest common factor of 70585 and 513855?
95
What is the greatest common factor of 22726436 and 244?
4
What is the greatest common divisor of 675913 and 46331?
433
Calculate the greatest common divisor of 605197775 and 64050.
10675
Calculate the highest common factor of 109296 and 4928.
176
Calculate the highest common factor of 346 and 134947439.
173
Calculate the highest common factor of 1148818 and 53009.
869
What is the highest common factor of 229360 and 84976?
752
Calculate the greatest common divisor of 830944 and 78752.
736
What is the highest common factor of 8280 and 11772504?
1656
Calculate the greatest common factor of 446406 and 807648.
282
What is the highest common factor of 4472 and 412?
4
C